[INFO] cloning repository https://github.com/sourceplayer/qupla_rust
[INFO] running `Command { std: "git" "-c" "credential.helper=" "-c" "credential.helper=/workspace/cargo-home/bin/git-credential-null" "clone" "--bare" "https://github.com/sourceplayer/qupla_rust" "/workspace/cache/git-repos/https%3A%2F%2Fgithub.com%2Fsourceplayer%2Fqupla_rust", kill_on_drop: false }`
[INFO] [stderr] Cloning into bare repository '/workspace/cache/git-repos/https%3A%2F%2Fgithub.com%2Fsourceplayer%2Fqupla_rust'...
[INFO] running `Command { std: "git" "rev-parse" "HEAD", kill_on_drop: false }`
[INFO] [stdout] 0095083c476f38a31a4717cf5f4e0bff6a19e1ad
[INFO] checking sourceplayer/qupla_rust against try#72f88fc4e9458f89516a0b8b0868f3718aec5b47 for pr-74989
[INFO] running `Command { std: "git" "clone" "/workspace/cache/git-repos/https%3A%2F%2Fgithub.com%2Fsourceplayer%2Fqupla_rust" "/workspace/builds/worker-5/source", kill_on_drop: false }`
[INFO] [stderr] Cloning into '/workspace/builds/worker-5/source'...
[INFO] [stderr] done.
[INFO] validating manifest of git repo https://github.com/sourceplayer/qupla_rust on toolchain 72f88fc4e9458f89516a0b8b0868f3718aec5b47
[INFO] running `Command { std: "/workspace/cargo-home/bin/cargo" "+72f88fc4e9458f89516a0b8b0868f3718aec5b47" "read-manifest" "--manifest-path" "Cargo.toml", kill_on_drop: false }`
[INFO] started tweaking git repo https://github.com/sourceplayer/qupla_rust
[INFO] finished tweaking git repo https://github.com/sourceplayer/qupla_rust
[INFO] tweaked toml for git repo https://github.com/sourceplayer/qupla_rust written to /workspace/builds/worker-5/source/Cargo.toml
[INFO] crate git repo https://github.com/sourceplayer/qupla_rust already has a lockfile, it will not be regenerated
[INFO] running `Command { std: "/workspace/cargo-home/bin/cargo" "+72f88fc4e9458f89516a0b8b0868f3718aec5b47" "fetch" "--locked" "--manifest-path" "Cargo.toml", kill_on_drop: false }`
[INFO] running `Command { std: "docker" "create" "-v" "/var/lib/crater-agent-workspace/builds/worker-5/target:/opt/rustwide/target:rw,Z" "-v" "/var/lib/crater-agent-workspace/builds/worker-5/source:/opt/rustwide/workdir:ro,Z" "-v" "/var/lib/crater-agent-workspace/cargo-home:/opt/rustwide/cargo-home:ro,Z" "-v" "/var/lib/crater-agent-workspace/rustup-home:/opt/rustwide/rustup-home:ro,Z" "-e" "SOURCE_DIR=/opt/rustwide/workdir" "-e" "CARGO_TARGET_DIR=/opt/rustwide/target" "-e" "CARGO_HOME=/opt/rustwide/cargo-home" "-e" "RUSTUP_HOME=/opt/rustwide/rustup-home" "-w" "/opt/rustwide/workdir" "-m" "1610612736" "--user" "0:0" "--network" "none" "rustops/crates-build-env@sha256:d92eaeed33fa75130ca1ee6c8a01d1ffb62bac859dfdfb3450e3e5d1c0146529" "/opt/rustwide/cargo-home/bin/cargo" "+72f88fc4e9458f89516a0b8b0868f3718aec5b47" "metadata" "--no-deps" "--format-version=1", kill_on_drop: false }`
[INFO] [stdout] 1d4b8a4eb067df7c7da35ff44e871571c43fc6293167eafb43100b4246ee7c34
[INFO] [stderr] WARNING: Your kernel does not support swap limit capabilities or the cgroup is not mounted. Memory limited without swap.
[INFO] running `Command { std: "docker" "start" "-a" "1d4b8a4eb067df7c7da35ff44e871571c43fc6293167eafb43100b4246ee7c34", kill_on_drop: false }`
[INFO] running `Command { std: "docker" "inspect" "1d4b8a4eb067df7c7da35ff44e871571c43fc6293167eafb43100b4246ee7c34", kill_on_drop: false }`
[INFO] running `Command { std: "docker" "rm" "-f" "1d4b8a4eb067df7c7da35ff44e871571c43fc6293167eafb43100b4246ee7c34", kill_on_drop: false }`
[INFO] [stdout] 1d4b8a4eb067df7c7da35ff44e871571c43fc6293167eafb43100b4246ee7c34
[INFO] running `Command { std: "docker" "create" "-v" "/var/lib/crater-agent-workspace/builds/worker-5/target:/opt/rustwide/target:rw,Z" "-v" "/var/lib/crater-agent-workspace/builds/worker-5/source:/opt/rustwide/workdir:ro,Z" "-v" "/var/lib/crater-agent-workspace/cargo-home:/opt/rustwide/cargo-home:ro,Z" "-v" "/var/lib/crater-agent-workspace/rustup-home:/opt/rustwide/rustup-home:ro,Z" "-e" "SOURCE_DIR=/opt/rustwide/workdir" "-e" "CARGO_TARGET_DIR=/opt/rustwide/target" "-e" "CARGO_INCREMENTAL=0" "-e" "RUST_BACKTRACE=full" "-e" "RUSTFLAGS=--cap-lints=forbid" "-e" "CARGO_HOME=/opt/rustwide/cargo-home" "-e" "RUSTUP_HOME=/opt/rustwide/rustup-home" "-w" "/opt/rustwide/workdir" "-m" "1610612736" "--user" "0:0" "--network" "none" "rustops/crates-build-env@sha256:d92eaeed33fa75130ca1ee6c8a01d1ffb62bac859dfdfb3450e3e5d1c0146529" "/opt/rustwide/cargo-home/bin/cargo" "+72f88fc4e9458f89516a0b8b0868f3718aec5b47" "check" "--frozen" "--all" "--all-targets" "--message-format=json", kill_on_drop: false }`
[INFO] [stdout] 5bda2d4a3b72dc56f6f3b3e7bc885f9eab1072a03646a5bff23fd7f203333b05
[INFO] [stderr] WARNING: Your kernel does not support swap limit capabilities or the cgroup is not mounted. Memory limited without swap.
[INFO] running `Command { std: "docker" "start" "-a" "5bda2d4a3b72dc56f6f3b3e7bc885f9eab1072a03646a5bff23fd7f203333b05", kill_on_drop: false }`
[INFO] [stderr]    Compiling num-traits v0.2.8
[INFO] [stderr]    Compiling num-bigint v0.2.2
[INFO] [stderr]     Checking num-integer v0.1.41
[INFO] [stderr]     Checking qupla_rust v0.1.0 (/opt/rustwide/workdir)
[INFO] [stdout] error[E0277]: the trait bound `&mut Entity<'_>: Clone` is not satisfied
[INFO] [stdout]  --> src/dispatcher/event.rs:8:5
[INFO] [stdout]   |
[INFO] [stdout] 8 |     pub entity: &'a mut Entity<'a>,
[INFO] [stdout]   |     ^^^^^^^^^^^^^^^^^^^^^^^^^^^^^^ the trait `Clone` is not implemented for `&mut Entity<'_>`
[INFO] [stdout]   |
[INFO] [stdout]   = help: the following implementations were found:
[INFO] [stdout]             <Entity<'a> as Clone>
[INFO] [stdout]   = note: `Clone` is implemented for `&dispatcher::entity::Entity<'_>`, but not for `&mut dispatcher::entity::Entity<'_>`
[INFO] [stdout]   = note: required by `clone`
[INFO] [stdout]   = note: this error originates in a derive macro (in Nightly builds, run with -Z macro-backtrace for more info)
[INFO] [stdout] 
[INFO] [stdout] 
[INFO] [stdout] error[E0277]: the trait bound `&mut Entity<'_>: Clone` is not satisfied
[INFO] [stdout]  --> src/dispatcher/environment.rs:7:5
[INFO] [stdout]   |
[INFO] [stdout] 7 |     entities: Vec<&'a mut Entity<'a>>,
[INFO] [stdout]   |     ^^^^^^^^^^^^^^^^^^^^^^^^^^^^^^^^^ the trait `Clone` is not implemented for `&mut Entity<'_>`
[INFO] [stdout]   |
[INFO] [stdout]   = help: the following implementations were found:
[INFO] [stdout]             <Entity<'a> as Clone>
[INFO] [stdout]   = note: `Clone` is implemented for `&dispatcher::entity::Entity<'_>`, but not for `&mut dispatcher::entity::Entity<'_>`
[INFO] [stdout]   = note: required because of the requirements on the impl of `Clone` for `Vec<&mut Entity<'_>>`
[INFO] [stdout]   = note: required by `clone`
[INFO] [stdout]   = note: this error originates in a derive macro (in Nightly builds, run with -Z macro-backtrace for more info)
[INFO] [stdout] 
[INFO] [stdout] 
[INFO] [stdout] error[E0277]: the trait bound `&mut Environment<'_>: Clone` is not satisfied
[INFO] [stdout]  --> src/dispatcher/effect.rs:6:5
[INFO] [stdout]   |
[INFO] [stdout] 6 |     pub env: &'a mut Environment<'a>,
[INFO] [stdout]   |     ^^^^^^^^^^^^^^^^^^^^^^^^^^^^^^^^ the trait `Clone` is not implemented for `&mut Environment<'_>`
[INFO] [stdout]   |
[INFO] [stdout]   = help: the following implementations were found:
[INFO] [stdout]             <Environment<'a> as Clone>
[INFO] [stdout]   = note: `Clone` is implemented for `&dispatcher::environment::Environment<'_>`, but not for `&mut dispatcher::environment::Environment<'_>`
[INFO] [stdout]   = note: required by `clone`
[INFO] [stdout]   = note: this error originates in a derive macro (in Nightly builds, run with -Z macro-backtrace for more info)
[INFO] [stdout] 
[INFO] [stdout] 
[INFO] [stdout] error[E0277]: the trait bound `&mut Supervisor<'_>: Clone` is not satisfied
[INFO] [stdout]  --> src/dispatcher/entity.rs:9:5
[INFO] [stdout]   |
[INFO] [stdout] 9 |     supervisor: &'a mut Supervisor<'a>,
[INFO] [stdout]   |     ^^^^^^^^^^^^^^^^^^^^^^^^^^^^^^^^^^ the trait `Clone` is not implemented for `&mut Supervisor<'_>`
[INFO] [stdout]   |
[INFO] [stdout]   = help: the following implementations were found:
[INFO] [stdout]             <Supervisor<'a> as Clone>
[INFO] [stdout]   = note: `Clone` is implemented for `&dispatcher::supervisor::Supervisor<'_>`, but not for `&mut dispatcher::supervisor::Supervisor<'_>`
[INFO] [stdout]   = note: required by `clone`
[INFO] [stdout]   = note: this error originates in a derive macro (in Nightly builds, run with -Z macro-backtrace for more info)
[INFO] [stdout] 
[INFO] [stdout] 
[INFO] [stdout] error: aborting due to 4 previous errors
[INFO] [stdout] 
[INFO] [stdout] 
[INFO] [stdout] For more information about this error, try `rustc --explain E0277`.
[INFO] [stdout] 
[INFO] [stdout] error[E0277]: the trait bound `&mut Entity<'_>: Clone` is not satisfied
[INFO] [stdout]  --> src/dispatcher/event.rs:8:5
[INFO] [stdout]   |
[INFO] [stdout] 8 |     pub entity: &'a mut Entity<'a>,
[INFO] [stdout]   |     ^^^^^^^^^^^^^^^^^^^^^^^^^^^^^^ the trait `Clone` is not implemented for `&mut Entity<'_>`
[INFO] [stdout]   |
[INFO] [stdout]   = help: the following implementations were found:
[INFO] [stdout]             <Entity<'a> as Clone>
[INFO] [stdout]   = note: `Clone` is implemented for `&dispatcher::entity::Entity<'_>`, but not for `&mut dispatcher::entity::Entity<'_>`
[INFO] [stdout]   = note: required by `clone`
[INFO] [stdout]   = note: this error originates in a derive macro (in Nightly builds, run with -Z macro-backtrace for more info)
[INFO] [stdout] 
[INFO] [stdout] 
[INFO] [stdout] error[E0277]: the trait bound `&mut Entity<'_>: Clone` is not satisfied
[INFO] [stdout]  --> src/dispatcher/environment.rs:7:5
[INFO] [stdout]   |
[INFO] [stdout] 7 |     entities: Vec<&'a mut Entity<'a>>,
[INFO] [stdout]   |     ^^^^^^^^^^^^^^^^^^^^^^^^^^^^^^^^^ the trait `Clone` is not implemented for `&mut Entity<'_>`
[INFO] [stdout]   |
[INFO] [stdout]   = help: the following implementations were found:
[INFO] [stdout]             <Entity<'a> as Clone>
[INFO] [stdout]   = note: `Clone` is implemented for `&dispatcher::entity::Entity<'_>`, but not for `&mut dispatcher::entity::Entity<'_>`
[INFO] [stdout]   = note: required because of the requirements on the impl of `Clone` for `Vec<&mut Entity<'_>>`
[INFO] [stdout]   = note: required by `clone`
[INFO] [stdout]   = note: this error originates in a derive macro (in Nightly builds, run with -Z macro-backtrace for more info)
[INFO] [stdout] 
[INFO] [stdout] 
[INFO] [stderr] error: could not compile `qupla_rust`.
[INFO] [stdout] error[E0277]: the trait bound `&mut Environment<'_>: Clone` is not satisfied
[INFO] [stdout]  --> src/dispatcher/effect.rs:6:5
[INFO] [stdout]   |
[INFO] [stdout] 6 |     pub env: &'a mut Environment<'a>,
[INFO] [stdout]   |     ^^^^^^^^^^^^^^^^^^^^^^^^^^^^^^^^ the trait `Clone` is not implemented for `&mut Environment<'_>`
[INFO] [stdout]   |
[INFO] [stdout]   = help: the following implementations were found:
[INFO] [stdout]             <Environment<'a> as Clone>
[INFO] [stdout]   = note: `Clone` is implemented for `&dispatcher::environment::Environment<'_>`, but not for `&mut dispatcher::environment::Environment<'_>`
[INFO] [stdout]   = note: required by `clone`
[INFO] [stdout]   = note: this error originates in a derive macro (in Nightly builds, run with -Z macro-backtrace for more info)
[INFO] [stdout] 
[INFO] [stdout] 
[INFO] [stderr] 
[INFO] [stdout] error[E0277]: the trait bound `&mut Supervisor<'_>: Clone` is not satisfied
[INFO] [stdout]  --> src/dispatcher/entity.rs:9:5
[INFO] [stdout]   |
[INFO] [stdout] 9 |     supervisor: &'a mut Supervisor<'a>,
[INFO] [stdout]   |     ^^^^^^^^^^^^^^^^^^^^^^^^^^^^^^^^^^ the trait `Clone` is not implemented for `&mut Supervisor<'_>`
[INFO] [stdout]   |
[INFO] [stdout]   = help: the following implementations were found:
[INFO] [stdout]             <Supervisor<'a> as Clone>
[INFO] [stdout]   = note: `Clone` is implemented for `&dispatcher::supervisor::Supervisor<'_>`, but not for `&mut dispatcher::supervisor::Supervisor<'_>`
[INFO] [stdout]   = note: required by `clone`
[INFO] [stdout]   = note: this error originates in a derive macro (in Nightly builds, run with -Z macro-backtrace for more info)
[INFO] [stdout] 
[INFO] [stdout] 
[INFO] [stderr] To learn more, run the command again with --verbose.
[INFO] [stdout] error: aborting due to 4 previous errors
[INFO] [stdout] 
[INFO] [stdout] 
[INFO] [stderr] warning: build failed, waiting for other jobs to finish...
[INFO] [stdout] For more information about this error, try `rustc --explain E0277`.
[INFO] [stdout] 
[INFO] [stderr] error: build failed
[INFO] running `Command { std: "docker" "inspect" "5bda2d4a3b72dc56f6f3b3e7bc885f9eab1072a03646a5bff23fd7f203333b05", kill_on_drop: false }`
[INFO] running `Command { std: "docker" "rm" "-f" "5bda2d4a3b72dc56f6f3b3e7bc885f9eab1072a03646a5bff23fd7f203333b05", kill_on_drop: false }`
[INFO] [stdout] 5bda2d4a3b72dc56f6f3b3e7bc885f9eab1072a03646a5bff23fd7f203333b05
